{"id":6,"date":"2022-02-01T11:36:03","date_gmt":"2022-02-01T11:36:03","guid":{"rendered":"http:\/\/assembleenationale-amitiefrancethailande.digital\/?page_id=6"},"modified":"2022-04-23T14:52:56","modified_gmt":"2022-04-23T14:52:56","slug":"vongsuravatana-raphael","status":"publish","type":"page","link":"http:\/\/assembleenationale-amitiefrancethailande.digital\/","title":{"rendered":"Vongsuravatana (Wongsurawat), Rapha\u00ebl"},"content":{"rendered":"\n<p><\/p>\n\n\n\n<h2 id=\"liens\">Liens<\/h2>\n\n\n\n<p><a href=\"https:\/\/thesiamsociety.org\/wp-content\/uploads\/1994\/03\/JSS_082_0h_Vongsuravatana_FrancoSiameseRelationsIn17thCentury.pdf\" target=\"_blank\" rel=\"noreferrer noopener\" title=\"For a rehabilitation of Father Tachard\">For a rehabilitation of Father Tachard<\/a> &#8211; Journal of the Siam Society<\/p>\n\n\n\n<p><a href=\"https:\/\/www.persee.fr\/doc\/hes_0752-5702_1994_num_13_2_1696#:~:text=Guy%20Tachard%20est%20un%20j%C3%A9suite,la%20fin%20du%20XVIIe%20si%C3%A8cle.&amp;text=L'aventure%20maritime%20de%20Dupleix,son%20combat%20audacieux%20et%20obstin%C3%A9.\" target=\"_blank\" rel=\"noreferrer noopener\" title=\"Guy Tachard\">Guy Tachard<\/a> ou la Marine fran\u00e7aise dans les Indes-Orientales &#8211; Armand Colin, Histoire-Economie &amp; Soci\u00e9t\u00e9<\/p>\n\n\n\n<p><a href=\"https:\/\/www.catholicprofiles.org\/post\/an-interview-with-rapha%C3%ABl-vongsuravatana\" target=\"_blank\" rel=\"noreferrer noopener\" title=\" interview with Rapha\u00ebl Vongsuravatana\">Interview with Rapha\u00ebl Vongsuravatana<\/a> &#8211; Profile in Catholicism<\/p>\n\n\n\n<p><a href=\"https:\/\/www.amazon.fr\/Voie-du-milieu-Pathom-VONGSURAVATANA\/dp\/B0875YB1QS\" target=\"_blank\" rel=\"noreferrer noopener\" title=\"La Voie du Milieu\">La Voie du Milieu<\/a><\/p>\n\n\n\n<p><a href=\"https:\/\/www.google.com\/search?q=vongsuravatana+20+minutes+apel&amp;oq=vongsuravatana+20+minutes+apel&amp;aqs=chrome..69i57.5206j0j7&amp;sourceid=chrome&amp;ie=UTF-8\" target=\"_blank\" rel=\"noreferrer noopener\" title=\"L'heure de v\u00e9rit\u00e9 a sonn\u00e9 pour le\">L&#8217;heure de v\u00e9rit\u00e9 a sonn\u00e9<\/a> &#8211; 20 minutes<\/p>\n\n\n\n<p><a href=\"http:\/\/assembleenationale-amitiefrancethailande.digital\/?page_id=14\" title=\"Rencontre\">Rencontre<\/a> &#8211; Apelinfos<\/p>\n\n\n\n<p><a href=\"http:\/\/pavie-auguste-prix.com\/index.php\/prix-auguste-pavie\/\" target=\"_blank\" rel=\"noreferrer noopener\" title=\" M\u00e9daille de l'Acad\u00e9mie de Marine\">M\u00e9daille de l&#8217;Acad\u00e9mie de Marine<\/a><\/p>\n\n\n\n<p><a href=\"http:\/\/pavie-auguste-prix.com\/\" target=\"_blank\" rel=\"noreferrer noopener\" title=\"Prix Auguste Pavie\">Prix Auguste Pavie<\/a><\/p>\n\n\n\n<p><a href=\"http:\/\/tatler-thailand.com\/index.php\/thailand-tatler\/\" title=\"Reaching the Peak\">Reaching the Peak<\/a> &#8211; Thailand Tatler<\/p>\n\n\n\n<p><a href=\"https:\/\/www.iae-bordeaux.fr\/actualites\/temoignage-de-raphael-vongsuravatana\" target=\"_blank\" rel=\"noreferrer noopener\" title=\"T\u00e9moignage de dipl\u00f4m\u00e9\">T\u00e9moignage de dipl\u00f4m\u00e9 <\/a> &#8211; IAE Bordeaux<\/p>\n\n\n\n<p>Un j\u00e9suite \u00e0 la Cour de Siam &#8211; <a href=\"http:\/\/franceempire-auteur-revuepresse.com\/\" target=\"_blank\" rel=\"noreferrer noopener\" title=\"La Croix\">La Croix<\/a> &#8211; <a href=\"http:\/\/franceempire-auteur-revuepresse.com\/index.php\/france-empire-revue-de-presse-2\/\" target=\"_blank\" rel=\"noreferrer noopener\" title=\"Revue des Etudes\">Revue des Etudes<\/a> &#8211; <a href=\"http:\/\/franceempire-auteur-revuepresse.com\/index.php\/france-empire-revue-de-presse-4\/\" target=\"_blank\" rel=\"noreferrer noopener\" title=\"Courrier Fran\u00e7ais\">Courrier Fran\u00e7ais<\/a><\/p>\n\n\n\n<p><a href=\"http:\/\/archives-gironde-sud-ouest.com\/\" target=\"_blank\" rel=\"noreferrer noopener\" title=\"Une mention avant Henri IV\">Une mention avant Henri IV<\/a> &#8211; Sud-Ouest<\/p>\n\n\n\n<p><a href=\"https:\/\/presse-regionale-archives.com\/\" target=\"_blank\" rel=\"noreferrer noopener\" title=\"Une nouvelle t\u00eate \u00e0 l'Apel\">Une nouvelle t\u00eate \u00e0 l&#8217;Apel<\/a> &#8211; Courrier Fran\u00e7ais<\/p>\n","protected":false},"excerpt":{"rendered":"<p>Liens For a rehabilitation of Father Tachard &#8211; Journal of the Siam Society Guy Tachard ou la Marine fran\u00e7aise dans les Indes-Orientales &#8211; Armand Colin, Histoire-Economie &amp; Soci\u00e9t\u00e9 Interview with Rapha\u00ebl Vongsuravatana &#8211; Profile in Catholicism La Voie du Milieu L&#8217;heure de v\u00e9rit\u00e9 a sonn\u00e9 &#8211; 20 minutes Rencontre &#8211; Apelinfos M\u00e9daille de l&#8217;Acad\u00e9mie de [&hellip;]<\/p>\n","protected":false},"author":1,"featured_media":0,"parent":0,"menu_order":0,"comment_status":"closed","ping_status":"closed","template":"","meta":{"om_disable_all_campaigns":false,"_monsterinsights_skip_tracking":false,"_monsterinsights_sitenote_active":false,"_monsterinsights_sitenote_note":"","_monsterinsights_sitenote_category":0},"_links":{"self":[{"href":"http:\/\/assembleenationale-amitiefrancethailande.digital\/index.php?rest_route=\/wp\/v2\/pages\/6"}],"collection":[{"href":"http:\/\/assembleenationale-amitiefrancethailande.digital\/index.php?rest_route=\/wp\/v2\/pages"}],"about":[{"href":"http:\/\/assembleenationale-amitiefrancethailande.digital\/index.php?rest_route=\/wp\/v2\/types\/page"}],"author":[{"embeddable":true,"href":"http:\/\/assembleenationale-amitiefrancethailande.digital\/index.php?rest_route=\/wp\/v2\/users\/1"}],"replies":[{"embeddable":true,"href":"http:\/\/assembleenationale-amitiefrancethailande.digital\/index.php?rest_route=%2Fwp%2Fv2%2Fcomments&post=6"}],"version-history":[{"count":8,"href":"http:\/\/assembleenationale-amitiefrancethailande.digital\/index.php?rest_route=\/wp\/v2\/pages\/6\/revisions"}],"predecessor-version":[{"id":34,"href":"http:\/\/assembleenationale-amitiefrancethailande.digital\/index.php?rest_route=\/wp\/v2\/pages\/6\/revisions\/34"}],"wp:attachment":[{"href":"http:\/\/assembleenationale-amitiefrancethailande.digital\/index.php?rest_route=%2Fwp%2Fv2%2Fmedia&parent=6"}],"curies":[{"name":"wp","href":"https:\/\/api.w.org\/{rel}","templated":true}]}}